 + 8, -u*l = 3*x - 15. Let s = l + -5. Calculate the remainder when s is divided by 2.
0
Suppose -36 = -4*a + 4. Calculate the remainder when a is divided by 6.
4
Let p = -18 - 0. Let j(x) = x**2 - 2*x + 4. Calculate the remainder when j(6) is divided by 4*(-2 + p/(-4)).
8
Let z be (0 - 0)*(-1)/2. Suppose 0 = 2*y - z*y - 8. What is the remainder when y is divided by ((-1)/(-1))/(2/4)?
0
Let s(q) = -5*q**2 + 9*q + 4. Let c(y) = 14*y**2 - 26*y - 11. Let a(f) = 6*c(f) + 17*s(f). Calculate the remainder when 5 is divided by a(-3).
1
Let q be -3 - -1 - (-7 - -4). Suppose -q = -3*f + 5. Suppose -4*h + 3*x = -9, 0 = -0*h + 5*h + f*x - 40. Calculate the remainder when 9 is divided by h.
3
Let c(l) = 40*l**2 - l - 1. Let r(h) = -13*h + 1. What is the remainder when c(-1) is divided by r(-1)?
12
Let i be (12/(-8))/(2/4). Let p be (-1)/i - (-30)/(-9). Let m = p + 17. What is the remainder when m is divided by 8?
6
Let y be 2/2 + 0 + 2. Suppose -y*v = v - 72. What is the remainder when 35 is divided by v?
17
Suppose 2*r = 4*z - 476, -609 = -8*z + 3*z - r. Calculate the remainder when z is divided by (2 + (-36 - -3))/(-1).
28
Let q(z) = -12*z - 1. Suppose 6*j - 58 = 20. What is the remainder when q(-3) is divided by j?
9
Calculate the remainder when 19 is divided by ((-40)/50)/((-2)/25).
9
Suppose -4*r = -3 - 17, 2*r + 83 = 3*a. Calculate the remainder when a is divided by 8.
7
Suppose 0 = -3*m + 3, -4*s - 16*m + 15*m = -125. What is the remainder when s is divided by 11?
9
Suppose h = -2*z - 2*z + 10, h - 4*z - 10 = 0. Calculate the remainder when 29 is divided by h.
9
Suppose -4*a + 2*a + 6 = 0. What is the remainder when 39 is divided by (a - 0)/(3/10)?
9
Suppose 39 = 5*y - 2*m, 5*y - 3*y + 3*m = 27. Let l = -4 - 5. Let q(a) = -4*a - 10. Calculate the remainder when q(l) is divided by y.
8
Suppose 3*h - 3*b = 99, h - 2*b + 4*b = 21. Let u = -2 + 14. Let q = u - -3. Calculate the remainder when h is divided by q.
14
Calculate the remainder when 26 is divided by (-2)/(2*5) - (-288)/90.
2
Let w be 6/12 - 3/(-2). Suppose w*l - 68 = l. Calculate the remainder when l is divided by 23.
22
Let u be 1420/(-16) + (-3)/12. Let l = u + 141. Calculate the remainder when l is divided by 14.
10
What is the remainder when 32 is divided by 16 + 3 + 0 + -2?
15
Let s(x) = -x. Let l(i) = -i - 2. Let o(m) = -m - 1. Let v(z) = 4*l(z) - 9*o(z). Let g(h) = -34*s(h) - 6*v(h). What is the remainder when g(4) is divided by 6?
4
Suppose w + 74 = -y, w - 6*y + y + 98 = 0. What is the remainder when 72 is divided by (-1 + w/(-3))/1?
22
Suppose 3*h = -0*h. Suppose 0 = -g - 5, -3*j + g = -h*j - 11. Suppose -2*a = -4*d - 18, 18 - j = 4*a + 2*d. Calculate the remainder when a is divided by 3.
2
Suppose -1 = -3*l + 5. Let w(j) = -j**2 - j**2 - j + 5 + 2*j**l + j**2. What is the remainder when 32 is divided by w(4)?
15
Let g(p) = p**3 - 9*p**2 + 4*p - 2. Calculate the remainder when g(9) is divided by 6.
4
Calculate the remainder when 145 is divided by ((-444)/(-18))/(2/3).
34
Suppose -c - 668 = -5*c - 5*q, 5*q = 2*c - 364. What is the remainder when c is divided by 16?
12
Let y(r) = -24*r - 17. Suppose 2*c = 7*c - 130. Calculate the remainder when c is divided by y(-1).
5
Calculate the remainder when 1*-14*(-18)/7 is divided by 13.
10
Suppose 32*x + 292 = 36*x. What is the remainder when x is divided by 25?
23
Let n = -74 + 151. Calculate the remainder when n is divided by 16.
13
Suppose 5*b = -7 + 17. Let u = 8 - b. Suppose u*h - 57 = 3*h. What is the remainder when h is divided by 7?
5
Suppose 7*j = 3*j + 12. Suppose -7*m + 44 = -j*m. What is the remainder when 32 is divided by m?
10
Suppose -t = 0, 4*t = 2*i - 13 - 27. What is the remainder when 4*((-50)/(-8) - -3) is divided by i?
17
Suppose -7*y - 67 = -8*y. Let a = y + -20. Calculate the remainder when a is divided by 16.
15
Let a be (-6)/(-2) - (-3 - -3). Let o = 24 - a. What is the remainder when o is divided by 2/(-2)*2 - -13?
10
Suppose -21 = -2*s + s - y, y = 3*s - 67. Calculate the remainder when 36 is divided by s.
14
Let h = 5 + -2. Suppose -5 = 5*d, h*g = -0*d - 2*d + 70. Suppose -6 = -2*m - k + 24, 4*m - 3*k - 40 = 0. Calculate the remainder when g is divided by m.
11
Let r = -137 - -141. Calculate the remainder when 18 is divided by r.
2
Let v(a) = -a + 1. Let p be v(2). Let c(o) = o**2 + 6*o - 9. Let u be c(-7). Calculate the remainder when -7*(p - (2 + u)) is divided by 4.
3
Suppose -70 = -4*v - 3*u, 2*v + 2*u = 7*u + 22. Suppose -4*w = 16, -4*y - w = -7*y + v. Calculate the remainder when y is divided by 0 + (4 - (0 + 2)).
0
Let p(l) = l**2 - 8*l + 8. Let f be p(6). Calculate the remainder when (-2)/f*-6 + 38 is divided by 12.
11
Let h = -34 - -51. What is the remainder when 46 is divided by h?
12
Let q(b) = 5*b - 1. Let a be q(2). Let v = a - 6. Let p = v - -8. Calculate the remainder when 21 is divided by p.
10
Suppose 0 = 5*w + d - 159, 3*w = -3*d + 75 + 18. Calculate the remainder when w is divided by (22/8)/(2/8).
10
Suppose 3*j + 69 = 96. What is the remainder when j is divided by 6?
3
Let t = 15 - 2. Suppose -12 = 2*b - 4*v, -3*b + 0*b - 8 = -4*v. Calculate the remainder when t is divided by b.
1
Suppose m = 5*a + 34, 19 = 4*a - 5*m + 63. Let y be ((-44)/a)/(10/(-15)). Let d = y - -15. What is the remainder when d is divided by 3?
1
Suppose 0 = 8*d - 103 - 185. Suppose -2*t + 3 = -45. Let n = 43 - t. Calculate the remainder when d is divided by n.
17
Suppose 7*c - 546 - 420 = 0. Calculate the remainder when c is divided by 10.
8
Let q(v) = 1 + 8*v + 17*v - 6*v. Let s be q(1). Suppose 5*t = -5 + s. Calculate the remainder when 5 is divided by t.
2
Let r(y) = y**2. Let z(t) = -t - 2. Let q be z(-4). Suppose 0*u + q*u = -6. Calculate the remainder when 25 is divided by r(u).
7
Suppose 3*v - 14 = 2*o, -4*o + 4 = -3*v + 14. What is the remainder when v is divided by 4?
2
Let g = 76 + 34. What is the remainder when g is divided by 37?
36
Let x = -1 + 3. Suppose -x*q = -136 + 46. Calculate the remainder when q is divided by 16.
13
Suppose -18 = 3*y - 81. Calculate the remainder when y is divided by 4*(2 + 3/(-6)).
3
Suppose -5*y - 2 = -42. Suppose -13 + 33 = 4*k - b, -k + 4*b - 10 = 0. Let d = k + -3. What is the remainder when y is divided by d?
2
Let n = -4 - -5. Suppose -n = 3*p - 31. Calculate the remainder when 38 is divided by p.
8
Let i = -135 - -230. Suppose i = 5*q - q - 5*d, -55 = -2*q + d. What is the remainder when q is divided by 0 + -1 + 3 + 14?
14
Suppose 119 = 4*v + 23. Calculate the remainder when v is divided by 156/(-8)*4/(-6).
11
Calculate the remainder when 21/49 - (-274)/14 is divided by 11.
9
Suppose 0 = p - 3*p + 4*l - 12, 4*p - 12 = -l. Suppose 12 = p*t - 16. What is the remainder when 53 is divided by t?
11
Suppose -16 = -4*l - 4*h, 0 = 5*h + 2 - 12. Calculate the remainder when 4 is divided by l.
0
Suppose -6*s + 7*s - 10 = 0. What is the remainder when 18 is divided by s?
8
Let t = 10 - 13. Let i = t + 8. What is the remainder when 8 is divided by i?
3
Let v(s) = s**2 + 10*s + 5. Let z(o) = 3*o**2 + 30*o + 15. Let b(n) = -7*v(n) + 2*z(n). Calculate the remainder when 31 is divided by b(-7).
15
Suppose 5 + 10 = 3*z. Calculate the remainder when 3 + -7 + 4 - -9 is divided by z.
4
Suppose -7 = d - 30. Suppose 0 = -3*g - 3*i + 8*i + 179, 0 = g - i - 63. Calculate the remainder when g is divided by d.
22
Let x = 179 + -124. Let h = -38 + x. Let l(z) = -z**3 + 4*z**2 + 2*z + 1. Calculate the remainder when h is divided by l(4).
8
Let p be 0/17 - (-1 - -1). What is the remainder when 12 is divided by 1 + (4 - p) + 2?
5
Suppose 0 = 3*a + 2*n - 15, -5*n = 3*a - 14 - 1. Suppose 7*p - 4*p - 3 = 0. Let b = p + 6. Calculate the remainder when b is divided by a.
2
Suppose 16 + 46 = 2*q. What is the remainder when 122 is divided by q?
29
What is the remainder when 2/(-3) - (446/(-3) - -1) is divided by 37?
36
Suppose -22*q + 26*q = 68. What is the remainder when q is divided by 11?
6
Let l be (9 + 2)/(1 - 0). Let d = -19 - -21. Suppose -d*u + 7 = -l. What is the remainder when 17 is divided by u?
8
Let l(i) = i + 7. Calculate the remainder when l(7) is divided by ((-5)/(-2))/(2/4).
4
Let w(v) = 4*v**2 + 2*v**3 - 3*v**3 - v + 2 - 4. Suppose 2*c + 3*c = 15. Calculate the remainder when w(3) is divided 